z, -4*m + 65821 + 121603 = 4*z. What is the hundreds digit of m?
8
Let i be (2/4 + 0)/(16/2432). Let k = i + -70. Suppose -k*p - 152 + 518 = 0. What is the units digit of p?
1
What is the hundreds digit of (-9572)/(-4) + 1/4*20*1?
3
Let o = -278 - -170. Let a = o + 398. What is the units digit of a?
0
Let o be (80/(-35) - -2) + (-2)/(-7). Let y be (120/(-7))/(3/(-21)) - o. Let c = y + 45. What is the units digit of c?
5
Let h = 14935 + -6994. What is the tens digit of h?
4
Let t = 19 - 10. Suppose t*w - 2*w - 1064 = 0. Suppose f + 0*v + 2*v = 81, v + w = 2*f. What is the units digit of f?
7
Let q be (1 + (-4)/6)/((-5)/(-9075)). What is the units digit of (11/(q/3564))/((-2)/(-60))?
4
Let l(t) = 8*t**2 + t - 236 + 464 - 237 + 6*t. What is the tens digit of l(6)?
2
Let u(j) = j**3 - 2*j**2 - 5*j + 28. Let q be u(8). Let f = -110 + q. What is the units digit of f?
2
Let x be (-2)/(-16) - (-1701)/216. Suppose 0 = x*z - 839 - 1129. What is the tens digit of z?
4
Suppose -4*y - 5*h + 30735 = 0, -21*y - 4*h + 23050 = -18*y. What is the tens digit of y?
9
Suppose 2*v + 0*v = -2*v. Suppose 7*m - 1259 - 540 = v. What is the tens digit of m?
5
Suppose 59*j = 57*j + 40. Let d(u) = 36*u - 76. What is the tens digit of d(j)?
4
Let o = 868 + 1052. Suppose -o = -14*d + 5808. What is the hundreds digit of d?
5
Let j(f) be the second derivative of f**5/20 + 3*f**4/2 - 13*f**3/6 - 93*f**2/2 - 34*f. What is the hundreds digit of j(-18)?
1
Let a(l) = -5*l + 13. Let c be a(2). Suppose -5*u + 0*u + 2*b = -3448, -2764 = -4*u + c*b. What is the units digit of u?
8
Let b be 4*2/36 + (-616)/99. What is the hundreds digit of (6860/60)/((-1)/b)?
6
Let n(j) = -3*j + 43. Let d be n(17). What is the units digit of (-6700)/(-35) - (d/14)/1?
2
Let q(c) = c**3 + 15*c**2 + 32*c - 8. Let u be q(-11). Suppose w - 1213 = -3*o, w + 4*o - 1091 = u. What is the tens digit of w?
0
Suppose -3*j + 3 = k, 4*k + j - 35 = 10. Suppose -4*q + 4*s + 32 = -0*q, 3*s + k = -q. Suppose q*r = -3*c + 204, -2 = -3*c + 1. What is the tens digit of r?
6
Suppose -18*l + l - 22*l = -463788. What is the ten thousands digit of l?
1
Let o be (-3)/(-3) - (4 + -4). What is the units digit of (0 - 2) + 346 + o?
5
Suppose 19*u - 20*u = -43. Let y = -98 + u. Let w = y + 84. What is the tens digit of w?
2
Let a = 42 + -32. Suppose 5*b - 2*t = b - a, 2*b = -t + 5. Suppose 4*q - 5*y - 157 = b, 2*q - 75 = -y - 0. What is the tens digit of q?
3
Let r(w) = -3*w**2 + 4*w - 9. Let m be r(3). Let c = m + 27. Suppose 3*t - c*v = 138, 146 = 2*t + t - 5*v. What is the units digit of t?
2
Let v(o) = -790*o - 1963. What is the thousands digit of v(-7)?
3
Suppose 15*l = 16*l + 10. Let z be l/(-12)*(10 + -4). Let k(x) = 3*x**2 + 2*x - 11. What is the tens digit of k(z)?
7
Let a(k) = 12445*k - 3329. What is the tens digit of a(3)?
0
Let n(x) = 33*x + 15. Let t(u) = 16*u + 8. Let g(i) = 2*n(i) - 5*t(i). What is the tens digit of g(-19)?
5
Suppose 4300640 = 146*k + 14*k. What is the hundreds digit of k?
8
Suppose -34*k + 25*k + 36 = 0. Suppose 5*m = 20, -m - 520 = -5*l + k*m. What is the hundreds digit of l?
1
Let q(f) = -3252*f - 4696. What is the hundreds digit of q(-15)?
0
Let t(u) = 37*u**2 + 11*u - 9. Let p be t(4). Let j = -108 + p. What is the units digit of j?
9
What is the units digit of (12/(-8))/((6*3/(-3162))/2)?
7
Suppose -c - 2*z = -3*c - 2, -c - 3*z = -11. Suppose -799 = -c*j - 271. Suppose -j = -4*m + r, 15 = -3*r + 3. What is the tens digit of m?
6
Suppose 8*y - 14 - 10 = 0. What is the thousands digit of (-34 + 7)/((y/(-214))/1)?
1
Suppose 0 = -4*o + 19*z - 20*z + 14492, -4*o + 14468 = -5*z. What is the units digit of o?
2
Let l(f) = -f**2 + 19*f + 23. Let b be l(20). Let w = b + -23. Let n(k) = -k**2 - 25*k - 15. What is the tens digit of n(w)?
8
Let x = 760 + -934. What is the hundreds digit of (-4 - x/10)/((-3)/(-345))?
5
Let c(b) = 3*b + 55. Let z be c(-19). Let n be (20/30)/(z/(-30)). Let t(j) = j**3 - 11*j**2 + 22*j - 21. What is the units digit of t(n)?
9
Let c(a) = 50*a - 82. Let h be c(-13). Let d = 1157 + h. What is the hundreds digit of d?
4
Suppose -5*i = 6*q - 162722 + 10945, 4*i = -4*q + 101184. What is the tens digit of q?
9
Let u(w) = w**3 + 4*w**2 - 6*w + 25. Let z be u(-8). Let f = z - -197. What is the tens digit of f?
1
Let a = 2815 + -2448. What is the units digit of a?
7
Suppose -9*s + 5*s + 372 = 0. Let m be 5/(s/(-48) + 2) + 0. Let v = 208 - m. What is the units digit of v?
8
What is the units digit of (1 - 15/9) + 4774/6 + -9?
6
Suppose 6*r - 4*r = 16. Suppose 0 = -0*q + 2*q + r. What is the units digit of (-2 + q/(-12))*(1 - 22)?
5
Let b(v) = v**2 + 8*v + 2. Let w be b(-8). Suppose 0 = -w*s + 23*s - 5670. What is the units digit of s?
0
Let q be 18/(-4)*(-280)/126. Let x(l) = -l**2 + 32*l - 29. What is the hundreds digit of x(q)?
1
Let y(d) = 2*d - 5. Let x(s) = 10*s - 24. Let i(b) = -2*x(b) + 11*y(b). Let r be i(7). What is the tens digit of (3/(-2))/(((-126)/516)/r)?
4
Let h(k) = -4*k + 1. Let x be h(-1). Suppose -8 = 4*j + 8, -x*t = 5*j - 945. What is the tens digit of t?
9
Let s = -1234 + 1837. Suppose t = 4*y - 2*t - 6203, -7759 = -5*y + 2*t. Suppose 10*j + s - y = 0. What is the units digit of j?
5
Let d(s) = 1015*s**2 + 2 + 4 - s - 3*s + 0*s - 3*s. What is the units digit of d(1)?
4
What is the tens digit of (-272)/68*(-2)/(-1) - -314?
0
Let a(k) = -k**3 + 2*k**2 + k + 1. Let v be a(2). Let d(s) = 23*s - 10. Let q(x) = -71*x + 29. Let l(n) = -8*d(n) - 3*q(n). What is the units digit of l(v)?
0
Suppose -105*t = 3*x - 107*t - 19682, 0 = -4*x + t + 26241. What is the thousands digit of x?
6
Let i be (132/9)/(-6 + (-20)/(-3)). Suppose -i*y + 21522 = -654. What is the thousands digit of y?
1
Let h(p) be the third derivative of -p**6/30 - p**5/12 - p**4/12 + p**3/3 + 13*p**2. Let q be h(-4). Suppose 0 = -3*c + q - 18. What is the tens digit of c?
5
Suppose -3*k + 181 + 449 = 0. Suppose 0*n + 5*q + k = 2*n, 0 = 3*q + 6. Suppose 3*j - 4*j = -n. What is the units digit of j?
0
Suppose 0 = -42*n - 13*n + 338408 - 17153. What is the tens digit of n?
4
Suppose s = 3*k - k - 53, 10 = -5*k. What is the tens digit of (-1)/(-3) + (-57152)/s?
0
Suppose -2*h - 5*s + 2097 = 0, 2*h - 4*s = 688 + 1364. What is the hundreds digit of h?
0
Suppose 8*n - 4631 = 38849. What is the tens digit of n?
3
Suppose 0*m = -7*m + 28. What is the tens digit of 5*m/5 - -368?
7
Let r(x) = -10 + x**3 - 5*x**2 + 452*x + 4*x**3 - 440*x - x**2. What is the tens digit of r(4)?
6
Let o = -155 - -148. What is the tens digit of (-2)/o + (-57684)/(-133)?
3
Suppose -5*h = -6*q - 6663, -36*h - q + 1348 = -35*h. What is the units digit of h?
1
Suppose -158*r + 15 = -153*r. Let q be (-4)/((-24)/(-130))*r. Let m = 139 - q. What is the hundreds digit of m?
2
Let i = 23220 + -3612. What is the ten thousands digit of i?
1
Let p = 13010 - 3796. What is the thousands digit of p?
9
Let u = 3157 - -10706. What is the ten thousands digit of u?
1
Suppose -3*t = 56*g - 57*g + 14155, 0 = 4*g + 4*t - 56604. What is the tens digit of g?
5
Let j = 52 + -61. Let u(s) = s**3 + 3*s**2 + 3*s - 4. Let v be u(-3). Let k = j - v. What is the units digit of k?
4
Let c(a) be the second derivative of a**4/4 - 5*a**3/6 - 7*a**2/2 - 3*a - 51. What is the units digit of c(3)?
5
Let s(n) = 6*n**2 + 7 - 3*n**2 + 10*n - 7*n - 2*n**2. Suppose 3*k - 3*l = -2*k - 40, 0 = -4*k + 5*l - 19. What is the units digit of s(k)?
5
Let b = -1380 + 13180. What is the tens digit of b?
0
Suppose -142*u - 5780 = -137*u. What is the units digit of u/(-18) + 3*2/(-27)?
4
Let c(h) be the second derivative of -53/2*h**2 - 9*h + 0 + 5/6*h**3. What is the units digit of c(24)?
7
Let g(l) = 4*l + 124. Let m(v) = v - 3. Let x(q) = 2*g(q) - 22*m(q). What is the hundreds digit of x(0)?
3
Let m = -52 - -44. Let d = -5 - m. Suppose x + 51 = 2*x + d*h, -3*h = -2*x + 111. What is the units digit of x?
4
Suppose 0 = 5*y + 4*q - 29, 3*q - 7*q = 2*y - 14. Suppose -w + 133 = -4*k, k = -0*k + y. Suppose i - w = -36. What is the hundreds digit of i?
1
Let t be (-8465)/20 + 5/4. Let s = 127 - t. Suppose -s = -10*n + n. What is the units digit of n?
1
Suppose -35*l = -17*l - 27234. Let f = 176 + l. What is the hundreds digit of f?
6
Suppose -4*m - 4 = 2*v, 9 = 6*m - 9*m. Suppose -444 = -8*k + v*